mposite?
True
Is 18762406079 composite?
True
Is 37826314213 a composite number?
True
Is 29720166383 prime?
False
Is 22327957541 prime?
True
Is 6462216757 a composite number?
False
Is 876470317 prime?
False
Is 27789732638 prime?
False
Is 25249160863 a prime number?
True
Is 21125120629 composite?
False
Is 2763943789 prime?
True
Is 9536723213 prime?
True
Is 54145356289 prime?
True
Is 20119923119 a composite number?
False
Is 11520669353 composite?
False
Is 342834703 prime?
False
Is 819380207 prime?
False
Is 5180595289 prime?
False
Is 648763463 prime?
False
Is 336667579 prime?
False
Is 20229118509 a prime number?
False
Is 4439915647 a composite number?
False
Is 2186124803 a prime number?
False
Is 161175149 a prime number?
True
Is 22233338251 a composite number?
False
Is 3363276181 composite?
True
Is 9193386281 composite?
True
Is 15137457967 composite?
False
Is 4476264911 a composite number?
True
Is 559219993 prime?
True
Is 1715003369 a prime number?
False
Is 12677689993 prime?
True
Is 1085374349 a prime number?
False
Is 20314339 a prime number?
False
Is 1841491063 a composite number?
False
Is 71026641097 a composite number?
False
Is 355520829 prime?
False
Is 6188444051 composite?
False
Is 16711867141 prime?
True
Is 1296341773 a prime number?
True
Is 46250201141 composite?
False
Is 20660276029 a composite number?
False
Is 1494960811 prime?
False
Is 9968043187 a composite number?
False
Is 43470339707 a composite number?
False
Is 794865145 a composite number?
True
Is 390570629 composite?
False
Is 8391271367 prime?
False
Is 980716727 composite?
False
Is 25199731526 composite?
True
Is 2905609123 a composite number?
True
Is 1915412357 prime?
True
Is 94803409 a composite number?
False
Is 929123267 a prime number?
True
Is 28608800921 composite?
False
Is 157799671 a prime number?
False
Is 5577855359 prime?
False
Is 14746477249 prime?
False
Is 19553987551 a prime number?
False
Is 10148490251 a prime number?
True
Is 2495853001 prime?
True
Is 29991478247 a composite number?
True
Is 89494871 a prime number?
False
Is 5697367073 composite?
True
Is 21243637 prime?
True
Is 36006436327 prime?
True
Is 1270985123 a prime number?
True
Is 26614217131 prime?
True
Is 345911521 a prime number?
False
Is 2811502531 prime?
True
Is 931002853 a composite number?
True
Is 9381346859 a prime number?
False
Is 14794283347 a prime number?
True
Is 1241865409 a prime number?
True
Is 2803994621 a prime number?
True
Is 13161112585 a prime number?
False
Is 2577287633 a prime number?
True
Is 236362187 composite?
False
Is 61752295321 a prime number?
True
Is 2876365043 prime?
True
Is 3425423221 prime?
False
Is 61910419481 prime?
True
Is 99613291 prime?
True
Is 151726201 prime?
False
Is 161228083447 composite?
False
Is 32933264099 a prime number?
True
Is 445450151 a prime number?
False
Is 1228235693 a composite number?
False
Is 543482959 prime?
False
Is 862010909 prime?
True
Is 31977814831 a prime number?
True
Is 58050949157 a prime number?
True
Is 9737510173 prime?
False
Is 2149196485 a prime number?
False
Is 65955591301 composite?
False
Is 194208851 prime?
True
Is 12766012339 prime?
True
Is 1394591323 a prime number?
True
Is 245313559 composite?
False
Is 1355654383 a composite number?
False
Is 153401977127 a prime number?
False
Is 131940317 a composite number?
True
Is 442079927 prime?
True
Is 92895629 a composite number?
False
Is 5725220549 prime?
True
Is 11391931249 composite?
True
Is 16519147 a composite number?
True
Is 16283668019 composite?
False
Is 1188498307 a prime number?
True
Is 188095753579 a prime number?
True
Is 2571317713 a prime number?
True
Is 87580649213 prime?
True
Is 1218993829 prime?
True
Is 9470760977 a prime number?
True
Is 4933649939 prime?
False
Is 75891824401 prime?
True
Is 39712965629 a composite number?
True
Is 151384615967 a prime number?
False
Is 4129762687 prime?
True
Is 559592141 a composite number?
False
Is 9473396719 composite?
False
Is 13705854163 a composite number?
False
Is 1557415931 composite?
False
Is 62993370145 composite?
True
Is 343942961 a composite number?
True
Is 147239929 a composite number?
True
Is 1586738411 composite?
False
Is 661553987 composite?
False
Is 3560503097 composite?
False
Is 472518361 composite?
True
Is 1132718747 a prime number?
False
Is 16761092134 a prime number?
False
Is 2701951793 a prime number?
True
Is 2442450709 prime?
False
Is 5454185101 a composite number?
False
Is 14841952213 prime?
False
Is 113756429 composite?
False
Is 336986659 composite?
False
Is 61664747735 prime?
False
Is 496873387 a composite number?
False
Is 3747703639 composite?
False
Is 258082637473 prime?
False
Is 996810437 a prime number?
False
Is 35511366619 a prime number?
False
Is 2283258043 a prime number?
False
Is 22174413601 a prime number?
True
Is 63555321749 composite?
False
Is 19599719981 a composite number?
False
Is 1006352647 composite?
False
Is 9602388293 a prime number?
False
Is 27805937 prime?
True
Is 246061163 a composite number?
True
Is 1411612567 prime?
False
Is 195498367211 a prime number?
False
Is 17570506649 prime?
False
Is 254992939363 a prime number?
True
Is 6186371491 a composite number?
True
Is 40541542673 prime?
True
Is 9081161107 a prime number?
True
Is 3365758609 prime?
False
Is 51613382395 a composite number?
True
Is 8437490669 prime?
True
Is 133891320137 prime?
True
Is 12519465887 composite?
False
Is 11074107001 prime?
True
Is 84384942881 a prime number?
True
Is 25248731509 a prime number?
False
Is 3722324243 a composite number?
True
Is 8634441787 prime?
True
Is 3108393341 composite?
False
Is 14463812917 prime?
False
Is 562687537 a prime number?
True
Is 29291703481 composite?
True
Is 1655596831 a composite number?
True
Is 2074453021 prime?
False
Is 967585007 composite?
True
Is 117624097 prime?
False
Is 91950289 prime?
False
Is 3223724483 a composite number?
True
Is 11710995187 composite?
False
Is 92477597 prime?
True
Is 213712437121 prime?
False
Is 70946093 prime?
False
Is 1089838289 composite?
True
Is 85815551 prime?
False
Is 3415045057 a composite number?
True
Is 4681957823 prime?
False
Is 69299147 prime?
False
Is 2831497723 composite?
False
Is 286198459 a prime number?
False
Is 1817158859 composite?
True
Is 2892031103 a prime number?
False
Is 9528741437 a prime number?
True
Is 282644035 a prime number?
False
Is 24192761 a prime number?
True
Is 721327807 composite?
True
Is 1677860887 prime?
True
Is 2363273209 prime?
False
Is 1526891493 prime?
False
Is 381484931 composite?
False
Is 2881137797 a prime number?
False
Is 10415483387 a composite number?
True
Is 534071693 a composite number?
False
Is 47695805293 a prime number?
False
Is 753558737 composite?
False
Is 79937460137 a composite number?
True
Is 15438483163 prime?
False
Is 20130907877 prime?
False
Is 554716621 a composite number?
False
Is 8772894253 a prime number?
True
Is 118102031951 prime?
False
Is 14582873 a prime number?
True
Is 820895609 prime?
False
Is 9511424257 a composite number?
True
Is 2042306239 composite?
False
Is 1250386139 prime?
False
Is 7412021417 composite?
False
Is 2411926415 composite?
True
Is 6458730947 prime?
False
Is 298898881 composite?
True
Is 17808054659 prime?
False
Is 2218330549 composite?
False
Is 920870219 a composite number?
True
Is 13510697615 a prime number?
False
Is 6705112769 prime?
True
Is 423457603 prime?
True
Is 1743116443 a composite number?
False
Is 1321852447 a prime number?
False
Is 2238358901 a prime number?
True
Is 95107144367 a composite number?
True
Is 1118061787 a prime number?
True
Is 2804231893 prime?
True
Is 151277771 prime?
True
Is 1324188977 a composite number?
False
Is 3743589901 a prime number?
True
Is 7675995401 composite?
False
Is 100592399 a composite number?
True
Is 29179041971 a composite number?
True
Is 3471774113 a composite number?
False
Is 35610431251 prime?
False
Is 1956175999 a composite number?
True
Is 28521013 prime?
False
Is 4606382821 a prime number?
False
Is 700331719 a prime number?
True
Is 10333389389 a composite number?
False
Is 34206990289 prime?
True
Is 45605356847 composite?
False
Is 20333544981 a prime number?
False
Is 382219273 a composite number?
False
Is 20237913023 a prime number?
False
Is 305051647 prime?
True
Is 150500533 prime?
False
Is 4593096529 composite?
True
Is 2452181183 composite?